{"id":1749,"date":"2021-04-16T21:05:18","date_gmt":"2021-04-17T02:05:18","guid":{"rendered":"https:\/\/resplandoreditorial.com\/nueva\/?page_id=1749"},"modified":"2024-04-04T16:16:35","modified_gmt":"2024-04-04T21:16:35","slug":"lo-que-somos","status":"publish","type":"page","link":"https:\/\/resplandoreditorial.com\/nueva\/la-editorial\/lo-que-somos\/","title":{"rendered":"Lo que somos"},"content":{"rendered":"\t\t<div data-elementor-type=\"wp-page\" data-elementor-id=\"1749\" class=\"elementor elementor-1749\" data-elementor-post-type=\"page\">\n\t\t\t\t\t\t<section class=\"elementor-section elementor-top-section elementor-element elementor-element-82fdee8 elementor-section-stretched elementor-section-boxed elementor-section-height-default elementor-section-height-default elementor-invisible\" data-id=\"82fdee8\" data-element_type=\"section\" data-e-type=\"section\" data-settings=\"{&quot;stretch_section&quot;:&quot;section-stretched&quot;,&quot;background_background&quot;:&quot;classic&quot;,&quot;animation&quot;:&quot;pulse&quot;}\">\n\t\t\t\t\t\t<div class=\"elementor-container elementor-column-gap-default\">\n\t\t\t\t\t<div class=\"elementor-column elementor-col-50 elementor-top-column elementor-element elementor-element-ef84776\" data-id=\"ef84776\" data-element_type=\"column\" data-e-type=\"column\">\n\t\t\t<div class=\"elementor-widget-wrap elementor-element-populated\">\n\t\t\t\t\t\t<div class=\"elementor-element elementor-element-82a87d3 elementor-widget elementor-widget-image\" data-id=\"82a87d3\" data-element_type=\"widget\" data-e-type=\"widget\" data-widget_type=\"image.default\">\n\t\t\t\t<div class=\"elementor-widget-container\">\n\t\t\t\t\t\t\t\t\t\t\t\t\t\t\t<img decoding=\"async\" width=\"300\" height=\"136\" src=\"https:\/\/resplandoreditorial.com\/nueva\/wp-content\/uploads\/2021\/03\/Logo-RE-400-300x136.jpg\" class=\"attachment-medium size-medium wp-image-1371\" alt=\"\" srcset=\"https:\/\/resplandoreditorial.com\/nueva\/wp-content\/uploads\/2021\/03\/Logo-RE-400-300x136.jpg 300w, https:\/\/resplandoreditorial.com\/nueva\/wp-content\/uploads\/2021\/03\/Logo-RE-400.jpg 411w\" sizes=\"(max-width: 300px) 100vw, 300px\" \/>\t\t\t\t\t\t\t\t\t\t\t\t\t\t\t<\/div>\n\t\t\t\t<\/div>\n\t\t\t\t\t<\/div>\n\t\t<\/div>\n\t\t\t\t<div class=\"elementor-column elementor-col-50 elementor-top-column elementor-element elementor-element-06a0f60\" data-id=\"06a0f60\" data-element_type=\"column\" data-e-type=\"column\">\n\t\t\t<div class=\"elementor-widget-wrap elementor-element-populated\">\n\t\t\t\t\t\t<div class=\"elementor-element elementor-element-189ed7e elementor-widget elementor-widget-text-editor\" data-id=\"189ed7e\" data-element_type=\"widget\" data-e-type=\"widget\" data-widget_type=\"text-editor.default\">\n\t\t\t\t<div class=\"elementor-widget-container\">\n\t\t\t\t\t\t\t\t\t<p><b>Lo que somos<\/b><\/p><p>Tenemos como misi\u00f3n acercar a j\u00f3venes y adultos a la lectura por medio de libros que produzcan una feliz confluencia entre texto, imagen y sentido.<\/p><p>Nuestro prop\u00f3sito es la creaci\u00f3n de material editorial de alta calidad narrativa, visual y art\u00edstica en general, fundado en el valor est\u00e9tico del texto en estado puro, que al complementarse con la imagen o simplemente con una cuidadosa edici\u00f3n, convierta el ejercicio de la lectura en una aventura y un homenaje al libro.<\/p>\t\t\t\t\t\t\t\t<\/div>\n\t\t\t\t<\/div>\n\t\t\t\t\t<\/div>\n\t\t<\/div>\n\t\t\t\t\t<\/div>\n\t\t<\/section>\n\t\t\t\t<\/div>\n\t\t","protected":false},"excerpt":{"rendered":"<p>Lo que somos Tenemos como misi\u00f3n acercar a j\u00f3venes y adultos a la lectura por medio de libros que produzcan una feliz confluencia entre texto, imagen y sentido. Nuestro prop\u00f3sito es la creaci\u00f3n de material editorial de alta calidad narrativa, visual y art\u00edstica en general, fundado en el valor est\u00e9tico del texto en estado puro, &#8230; <a title=\"Lo que somos\" class=\"read-more\" href=\"https:\/\/resplandoreditorial.com\/nueva\/la-editorial\/lo-que-somos\/\" aria-label=\"Leer m\u00e1s sobre Lo que somos\">Leer m\u00e1s<\/a><\/p>\n","protected":false},"author":1,"featured_media":0,"parent":1453,"menu_order":0,"comment_status":"closed","ping_status":"closed","template":"","meta":{"_acf_changed":false,"footnotes":""},"class_list":["post-1749","page","type-page","status-publish"],"acf":[],"_links":{"self":[{"href":"https:\/\/resplandoreditorial.com\/nueva\/wp-json\/wp\/v2\/pages\/1749","targetHints":{"allow":["GET"]}}],"collection":[{"href":"https:\/\/resplandoreditorial.com\/nueva\/wp-json\/wp\/v2\/pages"}],"about":[{"href":"https:\/\/resplandoreditorial.com\/nueva\/wp-json\/wp\/v2\/types\/page"}],"author":[{"embeddable":true,"href":"https:\/\/resplandoreditorial.com\/nueva\/wp-json\/wp\/v2\/users\/1"}],"replies":[{"embeddable":true,"href":"https:\/\/resplandoreditorial.com\/nueva\/wp-json\/wp\/v2\/comments?post=1749"}],"version-history":[{"count":7,"href":"https:\/\/resplandoreditorial.com\/nueva\/wp-json\/wp\/v2\/pages\/1749\/revisions"}],"predecessor-version":[{"id":2392,"href":"https:\/\/resplandoreditorial.com\/nueva\/wp-json\/wp\/v2\/pages\/1749\/revisions\/2392"}],"up":[{"embeddable":true,"href":"https:\/\/resplandoreditorial.com\/nueva\/wp-json\/wp\/v2\/pages\/1453"}],"wp:attachment":[{"href":"https:\/\/resplandoreditorial.com\/nueva\/wp-json\/wp\/v2\/media?parent=1749"}],"curies":[{"name":"wp","href":"https:\/\/api.w.org\/{rel}","templated":true}]}}