{"id":1779,"date":"2021-05-11T10:48:14","date_gmt":"2021-05-11T15:48:14","guid":{"rendered":"https:\/\/resplandoreditorial.com\/nueva\/?post_type=product&#038;p=1779"},"modified":"2025-06-10T08:44:24","modified_gmt":"2025-06-10T13:44:24","slug":"en-tiempo-real","status":"publish","type":"product","link":"https:\/\/resplandoreditorial.com\/nueva\/producto\/en-tiempo-real\/","title":{"rendered":"En tiempo real"},"content":{"rendered":"<p><em>En tiempo real<\/em> re\u00fane trece escritores de diversos \u00e1mbitos y trayectorias: los tres invitados, as\u00ed como los tres integrantes del cat\u00e1logo de Resplandor Editorial, presentan una obra destacada que ha sido premiada en diversos cert\u00e1menes nacionales e internacionales, mientras que las escritoras locales seleccionadas para la antolog\u00eda escriben desde b\u00fasquedas propias o tradiciones diversas, constituy\u00e9ndose en una promesa para la renovaci\u00f3n del campo literario. Nos enorgullece resaltar que ocho de las trece firmas publicadas son femeninas.<\/p>\n","protected":false},"excerpt":{"rendered":"<p><em>En tiempo real<\/em> re\u00fane trece escritores de diversos \u00e1mbitos y trayectoria<\/p>\n","protected":false},"featured_media":1780,"template":"","meta":{"_acf_changed":false},"product_brand":[],"product_cat":[18],"product_tag":[],"class_list":{"0":"post-1779","1":"product","2":"type-product","3":"status-publish","4":"has-post-thumbnail","6":"product_cat-formato-fisico","7":"autor-andrea-torres","8":"autor-andres-mauricio-munoz","9":"autor-cristina-bendek","10":"autor-diana-ordonez-hernandez","11":"autor-edwin-umana","12":"autor-francis-zambrano","13":"autor-jairo-andrade","14":"autor-katherine-moreno-sarmiento","15":"autor-kelly-mendieta","16":"autor-laura-luna","17":"autor-luis-carlos-barragan","18":"autor-oscar-pantoja","19":"autor-piedad-gutierrez","21":"first","22":"outofstock","23":"shipping-taxable","24":"purchasable","25":"product-type-simple"},"acf":[],"_links":{"self":[{"href":"https:\/\/resplandoreditorial.com\/nueva\/wp-json\/wp\/v2\/product\/1779","targetHints":{"allow":["GET"]}}],"collection":[{"href":"https:\/\/resplandoreditorial.com\/nueva\/wp-json\/wp\/v2\/product"}],"about":[{"href":"https:\/\/resplandoreditorial.com\/nueva\/wp-json\/wp\/v2\/types\/product"}],"version-history":[{"count":2,"href":"https:\/\/resplandoreditorial.com\/nueva\/wp-json\/wp\/v2\/product\/1779\/revisions"}],"predecessor-version":[{"id":2357,"href":"https:\/\/resplandoreditorial.com\/nueva\/wp-json\/wp\/v2\/product\/1779\/revisions\/2357"}],"wp:featuredmedia":[{"embeddable":true,"href":"https:\/\/resplandoreditorial.com\/nueva\/wp-json\/wp\/v2\/media\/1780"}],"wp:attachment":[{"href":"https:\/\/resplandoreditorial.com\/nueva\/wp-json\/wp\/v2\/media?parent=1779"}],"wp:term":[{"taxonomy":"product_brand","embeddable":true,"href":"https:\/\/resplandoreditorial.com\/nueva\/wp-json\/wp\/v2\/product_brand?post=1779"},{"taxonomy":"product_cat","embeddable":true,"href":"https:\/\/resplandoreditorial.com\/nueva\/wp-json\/wp\/v2\/product_cat?post=1779"},{"taxonomy":"product_tag","embeddable":true,"href":"https:\/\/resplandoreditorial.com\/nueva\/wp-json\/wp\/v2\/product_tag?post=1779"}],"curies":[{"name":"wp","href":"https:\/\/api.w.org\/{rel}","templated":true}]}}