{"id":2652,"date":"2025-01-22T14:54:48","date_gmt":"2025-01-22T19:54:48","guid":{"rendered":"https:\/\/resplandoreditorial.com\/nueva\/?post_type=product&#038;p=2652"},"modified":"2025-07-11T09:23:21","modified_gmt":"2025-07-11T14:23:21","slug":"germen","status":"publish","type":"product","link":"https:\/\/resplandoreditorial.com\/nueva\/producto\/germen\/","title":{"rendered":"Germen"},"content":{"rendered":"<p>En su agon\u00eda, Vladimir Mancini, escritor y padre de familia, piensa obsesivamente en lo que dejar\u00e1 a la posteridad. En medio del abandono que vive desde que su esposa se fue con \u00c1valos, el hombre que le gan\u00f3 un premio hace a\u00f1os y que, seg\u00fan \u00e9l, se rob\u00f3 su vida, le conf\u00eda a su hija Ver\u00f3nica la publicaci\u00f3n p\u00f3stuma de los manuscritos que cuida celosamente y por primera vez le cuenta la historia de c\u00f3mo lleg\u00f3 a convertirse en lo que es hoy.<br \/>\nUn pasado marcado por suplantaciones, imposturas y abandonos saldr\u00e1 a la luz a medida que distintas voces hurgan en antiguos relatos en busca del origen, del germen que parece haberse inoculado como un virus en el moribundo Vladimir, sumergido en la culpa de inconfesables\u00a0secretos.<\/p>\n","protected":false},"excerpt":{"rendered":"<p>En su agon\u00eda, Vladimir Mancini, escritor y padre de familia, piensa obsesivamente en lo que dejar\u00e1 a la posteridad. En medio del abandono que vive desde que su esposa se fue con \u00c1valos, el hombre que le gan\u00f3 un premio hace a\u00f1os y que, seg\u00fan \u00e9l, se rob\u00f3 su vida, le conf\u00eda a su hija Ver\u00f3nica la publicaci\u00f3n p\u00f3stuma de los manuscritos que cuida celosamente y por primera vez le cuenta la historia de c\u00f3mo lleg\u00f3 a convertirse en lo que es hoy.<br \/>\nUn pasado marcado por suplantaciones, imposturas y abandonos saldr\u00e1 a la luz a medida que distintas voces hurgan en antiguos relatos en busca del origen, del germen que parece haberse inoculado como un virus en el moribundo Vladimir, sumergido en la culpa de inconfesables\u00a0secretos.<\/p>\n","protected":false},"featured_media":2653,"template":"","meta":{"_acf_changed":false},"product_brand":[],"product_cat":[18],"product_tag":[],"class_list":{"0":"post-2652","1":"product","2":"type-product","3":"status-publish","4":"has-post-thumbnail","6":"product_cat-formato-fisico","7":"autor-nicolas-navarrete-puentes","8":"editorial-resplandor-editorial","10":"first","11":"instock","12":"featured","13":"shipping-taxable","14":"purchasable","15":"product-type-simple"},"acf":[],"_links":{"self":[{"href":"https:\/\/resplandoreditorial.com\/nueva\/wp-json\/wp\/v2\/product\/2652","targetHints":{"allow":["GET"]}}],"collection":[{"href":"https:\/\/resplandoreditorial.com\/nueva\/wp-json\/wp\/v2\/product"}],"about":[{"href":"https:\/\/resplandoreditorial.com\/nueva\/wp-json\/wp\/v2\/types\/product"}],"version-history":[{"count":2,"href":"https:\/\/resplandoreditorial.com\/nueva\/wp-json\/wp\/v2\/product\/2652\/revisions"}],"predecessor-version":[{"id":2675,"href":"https:\/\/resplandoreditorial.com\/nueva\/wp-json\/wp\/v2\/product\/2652\/revisions\/2675"}],"wp:featuredmedia":[{"embeddable":true,"href":"https:\/\/resplandoreditorial.com\/nueva\/wp-json\/wp\/v2\/media\/2653"}],"wp:attachment":[{"href":"https:\/\/resplandoreditorial.com\/nueva\/wp-json\/wp\/v2\/media?parent=2652"}],"wp:term":[{"taxonomy":"product_brand","embeddable":true,"href":"https:\/\/resplandoreditorial.com\/nueva\/wp-json\/wp\/v2\/product_brand?post=2652"},{"taxonomy":"product_cat","embeddable":true,"href":"https:\/\/resplandoreditorial.com\/nueva\/wp-json\/wp\/v2\/product_cat?post=2652"},{"taxonomy":"product_tag","embeddable":true,"href":"https:\/\/resplandoreditorial.com\/nueva\/wp-json\/wp\/v2\/product_tag?post=2652"}],"curies":[{"name":"wp","href":"https:\/\/api.w.org\/{rel}","templated":true}]}}